+ 0*s - g + 6*s. What are the prime factors of n(16)?
2, 3, 5
Suppose -3*o - 108 = 33. What are the prime factors of o*(-1 - ((-4)/(-4) + 0))?
2, 47
Suppose 0 = 2*s - 260 - 538. Let j = s - 257. Suppose 0*k = -5*d + 4*k + j, -5*d + 133 = -k. List the prime factors of d.
2, 13
Let h = -16 + 5. Let k(g) = -5*g - 20. What are the prime factors of k(h)?
5, 7
Let s(y) = -4*y + 7*y + 28 - y. Suppose 2*b - 3*b = 0. List the prime factors of s(b).
2, 7
Suppose -5*h - 12 = 6*v - 10*v, -2*v - 8 = h. Let a(x) = x**2 + 1. Let p(f) = 4*f**2 - f + 8. Let m(k) = 6*a(k) - p(k). What are the prime factors of m(v)?
2
Suppose -8*z + 61737 = 31*z. List the prime factors of z.
1583
List the prime factors of 1/(-2) - (-2 + (-345)/10).
2, 3
Suppose 3368 = 5*p - c + 4*c, -p + 696 = -5*c. What are the prime factors of p?
2, 13
Suppose 0*m - 6*m = -30. Suppose -g - 455 = m*t, -5*t = 3*g + 2*g + 475. What are the prime factors of (-904)/(-18) - (-20)/t?
2, 5
Suppose 91 = -3*g + 280. Suppose -2*w = -11*w + g. What are the prime factors of w?
7
Suppose -4*w - 4*w - 48 = 0. Let t = 4 - w. What are the prime factors of 8/20 - (-286)/t?
29
Let u(z) = z**3 + 20*z**2 - 23*z - 33. Let p be u(-21). Suppose -p*b - 7*b = -2592. What are the prime factors of b?
2, 3
Let k(n) = -423*n - 527. List the prime factors of k(-5).
2, 397
Let l = -821 - -1445. Suppose 0 = 4*f - t - l, -f - 773 = -6*f + 3*t. List the prime factors of f.
157
Let c be (-9)/(-2) - (-2)/(-4). Let k be c/6 - (-140)/42. Suppose 2*q + 26 = u, -q - 140 = -k*u - 15. What are the prime factors of u?
2
Let u(m) = -m**3 - 3*m**2 - m - 2. Let x be u(-3). Suppose 4*n + 6 = -h, n - 3*h = -2*h + x. Let f(y) = 7*y**2 + 2*y + 2. What are the prime factors of f(n)?
7
Let w(u) = 3*u - 2. Let f(r) = -4*r - 2*r + 4 - r + 2*r. Let t(k) = 6*f(k) + 13*w(k). What are the prime factors of t(1)?
7
Suppose -2*p + 152 = 2*m, -5*m - 128 = -2*p - m. List the prime factors of -2 + p + 1 + 2.
73
Suppose 2*c + 25*l = 23*l + 1394, 3*c = -4*l + 2086. What are the prime factors of c?
2, 3, 13
Let f(g) be the second derivative of 5*g**4/2 - g**2/2 + 6*g. What are the prime factors of f(-1)?
29
Let i(s) = 19*s**2 - 19*s + 3. What are the prime factors of i(-8)?
3, 457
Let w(i) = 10*i**2 - 20*i - 5. What are the prime factors of w(6)?
5, 47
Let m = -1576 - -3120. What are the prime factors of m?
2, 193
Suppose -v = 4*v + 5, 0 = -4*n - 2*v + 110. List the prime factors of n.
2, 7
Let g be (-22)/11 - (-3 - 1). Suppose -132 = g*z - 28. List the prime factors of (-1)/(-1) - (z - 0).
53
Suppose -d - 2 = -3*d, 5*x + 35 = 5*d. Let j = x + 8. Suppose -37 = -j*m - s, -s = -3*m - m + 59. List the prime factors of m.
2
Suppose -144 + 48 = -5*q + 3*v, -3*q + 75 = 4*v. What are the prime factors of (-2 - q/(-12)) + 693/4?
173
Suppose -5*t + 5*k + 865 = 0, 2*t - 5*k = 6*t - 674. Suppose n + 5*o - 57 = 0, -3*o + 5*o = -3*n + t. What are the prime factors of n?
3, 19
Let d(g) = 10*g**2 + 1. Let o(m) = -2*m**2 - 2*m + 3. Let h be o(0). Suppose -3*k = 15, -h*k - k - 16 = -4*p. What are the prime factors of d(p)?
11
Let p(g) = -g. Let c(f) = -f**2 + 7*f - 14. Let k(b) = -c(b) + 2*p(b). What are the prime factors of k(17)?
2, 3, 5
Let k be (-3 + 2)*(5 + -4). Let l(b) = b + 1. Let q(d) = -1. Let i(c) = k*l(c) - 5*q(c). What are the prime factors of i(-5)?
3
Suppose 0 = h + 3, -5*w + h = -2*h - 44. Suppose 9*y = w*y + 380. What are the prime factors of y?
2, 5, 19
Let c(k) = 3*k**3 - 6*k**2 - 30*k - 8. What are the prime factors of c(7)?
11, 47
Suppose -7*n = n - 2720. Suppose -4*s + n = -0*w - w, -3*w - 264 = -3*s. List the prime factors of s.
2, 3, 7
Suppose -2*r + 410 = 5*n, r + 378 = 3*r - 3*n. List the prime factors of r/(-6)*2/(-5).
13
Let c = 28 - 25. Suppose c*g - 2*g = -2*r + 21, -2*g = 2. Let a = r + 19. List the prime factors of a.
2, 3, 5
Let x(b) = 3*b - 8. Let r = 9 - -6. What are the prime factors of x(r)?
37
Let t(j) be the third derivative of -j**6/60 + j**5/30 + j**4/12 - j**3/6 + 11*j**2. Let l be t(-2). Let h = 45 - l. List the prime factors of h.
2, 13
Suppose 2*b - 4*b - 4*t = -10, -t = -2*b - 15. Let n(c) be the first derivative of -3*c**2 + c + 19. What are the prime factors of n(b)?
31
Let u = 29 - -9. List the prime factors of u.
2, 19
Let w = 2033 - 1069. List the prime factors of w.
2, 241
Let b = 4 + -6. Let g = 4 + b. Suppose -g*f + 41 = f - 5*c, -4*f + 70 = c. What are the prime factors of f?
17
Let z(v) = -v**2 - 11*v + 10. Let s be z(-6). Suppose -4*q + 2*k = -58, 2*q + 2*k - 14 = 12. Let g = s - q. What are the prime factors of g?
2, 13
Suppose 2*w = 2*p - 18, 0 = -4*p - w - w + 6. Suppose -p*g + 4*x + 204 = 0, 0 = 4*g - 3*x - 142 - 65. List the prime factors of g.
2, 3
Suppose 109*m = 119*m - 6700. What are the prime factors of m?
2, 5, 67
Let n(h) be the second derivative of 22*h**3/3 - 7*h**2/2 + 6*h. List the prime factors of n(3).
5
Suppose 18*m = 23*m + 185. Let b = m - -25. Let a = 30 + b. List the prime factors of a.
2, 3
Suppose 3*c - 9 = -0*c, r + 9 = 4*c. Suppose -r*v + 2*z + 264 = 0, 2*v - 2*z - 245 + 67 = 0. List the prime factors of v.
2, 43
Let s(k) = -12*k + 2. Let v be s(6). Let r = -38 - v. List the prime factors of r.
2
Let d(q) = 9*q**2 - 2*q + 1. Let f be d(1). Suppose -5*y - 14 = i, 4*y - 2*i = 2*i + f. What are the prime factors of -2 + 0 + (-70)/y?
3, 11
Let l = -109 - -234. Let a be (15/6)/((-4)/(-8)). Suppose 4*f + l = a*x, 5*f = -x - 4*x + 80. What are the prime factors of x?
3, 7
Let u(b) = -2*b**3 + 3*b**2 - 3*b + 1. Let o be u(3). Let h = o + 75. List the prime factors of h.
2, 5
What are the prime factors of -16*((-8)/(-24))/((-1)/15)?
2, 5
Let n(o) = 10*o - 1. Let m be n(1). Let a = -7 + m. What are the prime factors of (a - 4)*-1 + 26?
2, 7
Suppose -5*b - 3*i + 6920 = -4*i, -4175 = -3*b - 4*i. Suppose b = -112*m + 117*m. List the prime factors of m.
277
What are the prime factors of (-4)/26 + (26400/(-13))/(-5)?
2, 7, 29
Let x be (1900/(-22))/2 - 16/(-88). Let w = 55 + x. List the prime factors of w.
2, 3
Let b(d) = -d**2 + 10*d - 4. Let l be b(4). Let y = l + -13. Suppose -s + 7 = -y. List the prime factors of s.
2, 7
Suppose -a - 2*f = 2*f + 15, -5*a + 20 = f. Let b(o) = o**2 - a*o + 6*o - 5*o**2 - 21*o**3 + 5*o**2. List the prime factors of b(-1).
3, 7
Let r(f) = 3*f**2 + 6*f + 66. List the prime factors of r(10).
2, 3, 71
Let p = 116 + -82. Suppose 0 = 5*r + 3*j - 183, 5*r - p = 3*j + 173. What are the prime factors of r?
3, 13
Suppose 20*t = 14*t + 2370. Let i = t - 238. What are the prime factors of i?
157
Let h = 31 + -29. Suppose -m - h*m + 162 = -3*r, 3*m - 178 = -r. What are the prime factors of m?
2, 29
Let r(t) = -18*t + 3. Suppose 4*z - 5*i + 25 = -z, 2*z + 4*i + 4 = 0. List the prime factors of r(z).
3, 5
Let q be ((-20)/3)/5*-3. Suppose -u = -l - 58, -u = q*u - l - 286. What are the prime factors of u?
3, 19
Suppose -2*z - a = 3*a - 778, z = 2*a + 389. What are the prime factors of z?
389
Suppose 2*x - 498 = -4*i, 5*x + 4*i - i = 1224. List the prime factors of x.
3
Suppose -3*p - 15 = 4*k, 2*p = 4*p + 10. Suppose k = -0*c - c + 4*b + 66, 231 = 4*c - 5*b. List the prime factors of c.
2, 3
Let z be (-8)/(-1 + 0 - 1). Suppose z*j - 270 = 2*j. Suppose 0 = 2*a - 6, 4*h - a = -2*a + j. List the prime factors of h.
3, 11
Let i = 26 + -12. Let v be (-304)/(-9) + 2/9. Suppose -2*k + i = -v. List the prime factors of k.
2, 3
Let v = 1717 + -939. List the prime factors of 6/14 - v/(-14).
2, 7
Suppose -119*r + 6600 = -115*r. What are the prime factors of r?
2, 3, 5, 11
Suppose -2*x = -5*a - 517, 1238 - 449 = 3*x - 3*a. List the prime factors of x.
2, 7, 19
Let h = 1141 + 1108. What are the prime factors of h?
13, 173
Suppose -6 = -5*s + 3*s. Suppose 13 + 47 = -s*z. Let g = z + 43. List the prime factors of g.
23
What are the prime factors of (4/20)/(3/(-1365)*-7)?
13
Let w(u) = -u**3 - 6*u**2 - 6*u - 3. Suppose -a + 3*a + 10 = 0. Let m be w(a). Suppose -d - 2*k = 4*d - 192, -d - m*k = -40. List the prime factors of d.
2, 19
Suppose -5*z - 3*v + 227 = 0, v = -3*z + 3*v + 121. Suppose z*w = 38*w + 25. List the prime factors of w.
5
Suppose 4*f = -f + 525. What are the prime factors of f?
3, 5, 7
Let k = -236 - -140. Let v be -1*(-3 + k/(-1)). Let z = v - -142. What are the prime factors of z?
7
Le